{"id":142,"date":"2024-03-06T21:22:07","date_gmt":"2024-03-06T20:22:07","guid":{"rendered":"https:\/\/castellum-ad-louffi.de\/?page_id=142"},"modified":"2026-03-29T21:02:34","modified_gmt":"2026-03-29T20:02:34","slug":"allgmeinee-infos","status":"publish","type":"page","link":"https:\/\/castellum-ad-louffi.de\/?page_id=142","title":{"rendered":"Allgemeine Informationen"},"content":{"rendered":"\n<p><strong><mark style=\"background-color:rgba(0, 0, 0, 0);color:#962700\" class=\"has-inline-color\">Ort<\/mark><\/strong><br>Das Fest findet in auf der Salzachwiese unter der L\u00e4nderbr\u00fccke statt. <br>Das Gel\u00e4nde erstreckt sich vom Fischer-Huber-Bach bis zum Salzachspitz an der Sandbank.<br>Es gibt 3 M\u00f6glichkeiten das Festgel\u00e4nde zu betreten:<\/p>\n\n\n\n<ol class=\"wp-block-list\">\n<li>Der Hauptzugang ist \u00fcber den Fu\u00dfg\u00e4ngerweg an der Gordian-Guckh Stra\u00dfe vorbei am Europasteg zur Sandbank.<\/li>\n\n\n\n<li>Hinter der Salzachhalle ein kleiner Kiesweg zur M\u00fcndung des Fischer-Huber- Baches in die Salzach. <\/li>\n\n\n\n<li>Hinter der Eisdiele &#8220;Rizzardini&#8221; an der Br\u00fccke, \u00fcber eine kleine Treppe. (!!!Achtung!!! Nicht geeignet f\u00fcr Kinderw\u00e4gen, Rollst\u00fchle, etc.)<\/li>\n<\/ol>\n\n\n\n<p><strong><mark style=\"background-color:rgba(0, 0, 0, 0);color:#962700\" class=\"has-inline-color\">Parken<\/mark><\/strong><br>Informationen zu Parkm\u00f6glichkeiten werden zeitnah bekanntgegeben.<\/p>\n\n\n\n<p><strong><mark style=\"background-color:rgba(0, 0, 0, 0);color:#962700\" class=\"has-inline-color\">Eintrittspreise<\/mark><\/strong><br>Informationen zu den Preisen sind auf der Startseite zu finden.<br><\/p>\n\n\n\n<p><\/p>\n\n\n\n<p><\/p>\n","protected":false},"excerpt":{"rendered":"<p>OrtDas Fest findet in auf der Salzachwiese unter der L\u00e4nderbr\u00fccke statt. Das Gel\u00e4nde erstreckt sich vom Fischer-Huber-Bach bis zum Salzachspitz an der Sandbank.Es gibt 3 M\u00f6glichkeiten das Festgel\u00e4nde zu betreten: &hellip; <\/p>\n<p class=\"link-more\"><a href=\"https:\/\/castellum-ad-louffi.de\/?page_id=142\" class=\"more-link\"><span class=\"screen-reader-text\">\u201eAllgemeine Informationen\u201c <\/span>weiterlesen<\/a><\/p>\n","protected":false},"author":1,"featured_media":0,"parent":0,"menu_order":0,"comment_status":"closed","ping_status":"closed","template":"","meta":{"footnotes":""},"class_list":["post-142","page","type-page","status-publish","hentry"],"_links":{"self":[{"href":"https:\/\/castellum-ad-louffi.de\/index.php?rest_route=\/wp\/v2\/pages\/142","targetHints":{"allow":["GET"]}}],"collection":[{"href":"https:\/\/castellum-ad-louffi.de\/index.php?rest_route=\/wp\/v2\/pages"}],"about":[{"href":"https:\/\/castellum-ad-louffi.de\/index.php?rest_route=\/wp\/v2\/types\/page"}],"author":[{"embeddable":true,"href":"https:\/\/castellum-ad-louffi.de\/index.php?rest_route=\/wp\/v2\/users\/1"}],"replies":[{"embeddable":true,"href":"https:\/\/castellum-ad-louffi.de\/index.php?rest_route=%2Fwp%2Fv2%2Fcomments&post=142"}],"version-history":[{"count":12,"href":"https:\/\/castellum-ad-louffi.de\/index.php?rest_route=\/wp\/v2\/pages\/142\/revisions"}],"predecessor-version":[{"id":372,"href":"https:\/\/castellum-ad-louffi.de\/index.php?rest_route=\/wp\/v2\/pages\/142\/revisions\/372"}],"wp:attachment":[{"href":"https:\/\/castellum-ad-louffi.de\/index.php?rest_route=%2Fwp%2Fv2%2Fmedia&parent=142"}],"curies":[{"name":"wp","href":"https:\/\/api.w.org\/{rel}","templated":true}]}}